{"id":38235,"date":"2018-08-18T11:11:51","date_gmt":"2018-08-18T11:11:51","guid":{"rendered":"http:\/\/viatgespoblenou.com\/?page_id=38235"},"modified":"2018-08-18T11:11:51","modified_gmt":"2018-08-18T11:11:51","slug":"tenerife","status":"publish","type":"page","link":"http:\/\/viatgespoblenou.com\/es\/tenerife\/","title":{"rendered":"Tenerife"},"content":{"rendered":"<section class=\"wpb-content-wrapper\"><p><\/p>\n<p>[vc_row][vc_column width=\u00bb1\/2&#8243;][vc_column_text]1er d\u00eda: Aeropuerto Barcelona &#8211; Tenerife<br \/>\n2\u00ba d\u00eda: Excursi\u00f3n al Teide<br \/>\n3er d\u00eda: Navegaci\u00f3n en barco para observaci\u00f3n de Cet\u00e1ceos \u00abPlaya de los Gigantes\u00bb<br \/>\n4\u00ba d\u00eda: Entrada a Siam Park<br \/>\n5\u00ba d\u00eda: Excursi\u00f3n a Garachico &#8211; Aeropuerto Tenerife &#8211; Aeropuerto Barcelona<\/p>\n<p><strong>El precio incluye:<\/strong><\/p>\n<p>Vuelo Barcelona &#8211; Tenerife &#8211; Barcelona<\/p>\n<p>Traslado Aeropuerto &#8211; Hotel &#8211; Aeropuerto<\/p>\n<p>Autocar para hacer las excursiones cada d\u00eda<\/p>\n<p>4 noches de hotel 3 *** en Puerto de la Cruz o alrededores en r\u00e9gimen de Pensi\u00f3n Completa<\/p>\n<p>Excursi\u00f3n al Teide en la puesta de sol y observaci\u00f3n de las estrellas<\/p>\n<p>Salida en barco para observaci\u00f3n de Cet\u00e1ceos<\/p>\n<p>Entrada de d\u00eda al Siam Park<\/p>\n<p>Talonarios de autofinanciaci\u00f3n<\/p>\n<p>Seguro de asistencia en viaje<\/p>\n<p>P\u00f3liza de responsabilidad civil<\/p>\n<p>Gratuidades para profesores[\/vc_column_text][vc_empty_space height=\u00bb30px\u00bb][vc_single_image image=\u00bb37137&#8243; img_size=\u00bbfull\u00bb onclick=\u00bbcustom_link\u00bb link=\u00bbhttp:\/\/viatgespoblenou.com\/es\/pressupost\/\u00bb][\/vc_column][vc_column width=\u00bb1\/2&#8243;][rev_slider_vc alias=\u00bbalgustcast\u00bb][\/vc_column][\/vc_row][vc_row][vc_column][vc_empty_space height=\u00bb70px\u00bb][\/vc_column][\/vc_row]<\/p>\n<p><\/p>\n<\/section>","protected":false},"excerpt":{"rendered":"<p>[vc_row][vc_column width=\u00bb1\/2&#8243;][vc_column_text]1er d\u00eda: Aeropuerto Barcelona &#8211; Tenerife 2\u00ba d\u00eda: Excursi\u00f3n al Teide 3er d\u00eda: Navegaci\u00f3n en barco para observaci\u00f3n de Cet\u00e1ceos \u00abPlaya de los Gigantes\u00bb 4\u00ba d\u00eda: Entrada a Siam Park 5\u00ba d\u00eda: Excursi\u00f3n a Garachico &#8211; Aeropuerto Tenerife &#8211; Aeropuerto Barcelona El precio incluye: Vuelo Barcelona &#8211; Tenerife &#8211; Barcelona Traslado Aeropuerto &#8211; Hotel&hellip;<\/p>\n","protected":false},"author":2,"featured_media":0,"parent":0,"menu_order":0,"comment_status":"closed","ping_status":"closed","template":"","meta":[],"yoast_head":"<!-- This site is optimized with the Yoast SEO plugin v19.7.1 - https:\/\/yoast.com\/wordpress\/plugins\/seo\/ -->\n<title>Tenerife - viatgespoblenou<\/title>\n<meta name=\"robots\" content=\"index, follow, max-snippet:-1, max-image-preview:large, max-video-preview:-1\" \/>\n<link rel=\"canonical\" href=\"http:\/\/viatgespoblenou.com\/tenerife\/\" \/>\n<meta property=\"og:locale\" content=\"es_ES\" \/>\n<meta property=\"og:type\" content=\"article\" \/>\n<meta property=\"og:title\" content=\"Tenerife - viatgespoblenou\" \/>\n<meta property=\"og:description\" content=\"[vc_row][vc_column width=\u00bb1\/2&#8243;][vc_column_text]1er d\u00eda: Aeropuerto Barcelona &#8211; Tenerife 2\u00ba d\u00eda: Excursi\u00f3n al Teide 3er d\u00eda: Navegaci\u00f3n en barco para observaci\u00f3n de Cet\u00e1ceos \u00abPlaya de los Gigantes\u00bb 4\u00ba d\u00eda: Entrada a Siam Park 5\u00ba d\u00eda: Excursi\u00f3n a Garachico &#8211; Aeropuerto Tenerife &#8211; Aeropuerto Barcelona El precio incluye: Vuelo Barcelona &#8211; Tenerife &#8211; Barcelona Traslado Aeropuerto &#8211; Hotel&hellip;\" \/>\n<meta property=\"og:url\" content=\"http:\/\/viatgespoblenou.com\/tenerife\/\" \/>\n<meta property=\"og:site_name\" content=\"viatgespoblenou\" \/>\n<meta property=\"article:publisher\" content=\"https:\/\/es-la.facebook.com\/people\/Viatges-Poblenou\/100001670703933\" \/>\n<meta name=\"twitter:card\" content=\"summary\" \/>\n<meta name=\"twitter:label1\" content=\"Tiempo de lectura\" \/>\n\t<meta name=\"twitter:data1\" content=\"2 minutos\" \/>\n<script type=\"application\/ld+json\" class=\"yoast-schema-graph\">{\"@context\":\"https:\/\/schema.org\",\"@graph\":[{\"@type\":\"WebPage\",\"@id\":\"http:\/\/viatgespoblenou.com\/tenerife\/\",\"url\":\"http:\/\/viatgespoblenou.com\/tenerife\/\",\"name\":\"Tenerife - viatgespoblenou\",\"isPartOf\":{\"@id\":\"http:\/\/viatgespoblenou.com\/#website\"},\"datePublished\":\"2018-08-18T11:11:51+00:00\",\"dateModified\":\"2018-08-18T11:11:51+00:00\",\"breadcrumb\":{\"@id\":\"http:\/\/viatgespoblenou.com\/tenerife\/#breadcrumb\"},\"inLanguage\":\"es\",\"potentialAction\":[{\"@type\":\"ReadAction\",\"target\":[\"http:\/\/viatgespoblenou.com\/tenerife\/\"]}]},{\"@type\":\"BreadcrumbList\",\"@id\":\"http:\/\/viatgespoblenou.com\/tenerife\/#breadcrumb\",\"itemListElement\":[{\"@type\":\"ListItem\",\"position\":1,\"name\":\"Home\",\"item\":\"http:\/\/viatgespoblenou.com\/\"},{\"@type\":\"ListItem\",\"position\":2,\"name\":\"Tenerife\"}]},{\"@type\":\"WebSite\",\"@id\":\"http:\/\/viatgespoblenou.com\/#website\",\"url\":\"http:\/\/viatgespoblenou.com\/\",\"name\":\"viatgespoblenou\",\"description\":\"\",\"potentialAction\":[{\"@type\":\"SearchAction\",\"target\":{\"@type\":\"EntryPoint\",\"urlTemplate\":\"http:\/\/viatgespoblenou.com\/?s={search_term_string}\"},\"query-input\":\"required name=search_term_string\"}],\"inLanguage\":\"es\"}]}<\/script>\n<!-- \/ Yoast SEO plugin. -->","yoast_head_json":{"title":"Tenerife - viatgespoblenou","robots":{"index":"index","follow":"follow","max-snippet":"max-snippet:-1","max-image-preview":"max-image-preview:large","max-video-preview":"max-video-preview:-1"},"canonical":"http:\/\/viatgespoblenou.com\/tenerife\/","og_locale":"es_ES","og_type":"article","og_title":"Tenerife - viatgespoblenou","og_description":"[vc_row][vc_column width=\u00bb1\/2&#8243;][vc_column_text]1er d\u00eda: Aeropuerto Barcelona &#8211; Tenerife 2\u00ba d\u00eda: Excursi\u00f3n al Teide 3er d\u00eda: Navegaci\u00f3n en barco para observaci\u00f3n de Cet\u00e1ceos \u00abPlaya de los Gigantes\u00bb 4\u00ba d\u00eda: Entrada a Siam Park 5\u00ba d\u00eda: Excursi\u00f3n a Garachico &#8211; Aeropuerto Tenerife &#8211; Aeropuerto Barcelona El precio incluye: Vuelo Barcelona &#8211; Tenerife &#8211; Barcelona Traslado Aeropuerto &#8211; Hotel&hellip;","og_url":"http:\/\/viatgespoblenou.com\/tenerife\/","og_site_name":"viatgespoblenou","article_publisher":"https:\/\/es-la.facebook.com\/people\/Viatges-Poblenou\/100001670703933","twitter_card":"summary","twitter_misc":{"Tiempo de lectura":"2 minutos"},"schema":{"@context":"https:\/\/schema.org","@graph":[{"@type":"WebPage","@id":"http:\/\/viatgespoblenou.com\/tenerife\/","url":"http:\/\/viatgespoblenou.com\/tenerife\/","name":"Tenerife - viatgespoblenou","isPartOf":{"@id":"http:\/\/viatgespoblenou.com\/#website"},"datePublished":"2018-08-18T11:11:51+00:00","dateModified":"2018-08-18T11:11:51+00:00","breadcrumb":{"@id":"http:\/\/viatgespoblenou.com\/tenerife\/#breadcrumb"},"inLanguage":"es","potentialAction":[{"@type":"ReadAction","target":["http:\/\/viatgespoblenou.com\/tenerife\/"]}]},{"@type":"BreadcrumbList","@id":"http:\/\/viatgespoblenou.com\/tenerife\/#breadcrumb","itemListElement":[{"@type":"ListItem","position":1,"name":"Home","item":"http:\/\/viatgespoblenou.com\/"},{"@type":"ListItem","position":2,"name":"Tenerife"}]},{"@type":"WebSite","@id":"http:\/\/viatgespoblenou.com\/#website","url":"http:\/\/viatgespoblenou.com\/","name":"viatgespoblenou","description":"","potentialAction":[{"@type":"SearchAction","target":{"@type":"EntryPoint","urlTemplate":"http:\/\/viatgespoblenou.com\/?s={search_term_string}"},"query-input":"required name=search_term_string"}],"inLanguage":"es"}]}},"_links":{"self":[{"href":"http:\/\/viatgespoblenou.com\/es\/wp-json\/wp\/v2\/pages\/38235"}],"collection":[{"href":"http:\/\/viatgespoblenou.com\/es\/wp-json\/wp\/v2\/pages"}],"about":[{"href":"http:\/\/viatgespoblenou.com\/es\/wp-json\/wp\/v2\/types\/page"}],"author":[{"embeddable":true,"href":"http:\/\/viatgespoblenou.com\/es\/wp-json\/wp\/v2\/users\/2"}],"replies":[{"embeddable":true,"href":"http:\/\/viatgespoblenou.com\/es\/wp-json\/wp\/v2\/comments?post=38235"}],"version-history":[{"count":1,"href":"http:\/\/viatgespoblenou.com\/es\/wp-json\/wp\/v2\/pages\/38235\/revisions"}],"predecessor-version":[{"id":38237,"href":"http:\/\/viatgespoblenou.com\/es\/wp-json\/wp\/v2\/pages\/38235\/revisions\/38237"}],"wp:attachment":[{"href":"http:\/\/viatgespoblenou.com\/es\/wp-json\/wp\/v2\/media?parent=38235"}],"curies":[{"name":"wp","href":"https:\/\/api.w.org\/{rel}","templated":true}]}}

<section class="wpb-content-wrapper"><p></p>
<p>[vc_row][vc_column width=»1/2&#8243;][vc_column_text]1er día: Aeropuerto Barcelona &#8211; Tenerife<br />
2º día: Excursión al Teide<br />
3er día: Navegación en barco para observación de Cetáceos «Playa de los Gigantes»<br />
4º día: Entrada a Siam Park<br />
5º día: Excursión a Garachico &#8211; Aeropuerto Tenerife &#8211; Aeropuerto Barcelona</p>
<p><strong>El precio incluye:</strong></p>
<p>Vuelo Barcelona &#8211; Tenerife &#8211; Barcelona</p>
<p>Traslado Aeropuerto &#8211; Hotel &#8211; Aeropuerto</p>
<p>Autocar para hacer las excursiones cada día</p>
<p>4 noches de hotel 3 *** en Puerto de la Cruz o alrededores en régimen de Pensión Completa</p>
<p>Excursión al Teide en la puesta de sol y observación de las estrellas</p>
<p>Salida en barco para observación de Cetáceos</p>
<p>Entrada de día al Siam Park</p>
<p>Talonarios de autofinanciación</p>
<p>Seguro de asistencia en viaje</p>
<p>Póliza de responsabilidad civil</p>
<p>Gratuidades para profesores[/vc_column_text][vc_empty_space height=»30px»][vc_single_image image=»37137&#8243; img_size=»full» onclick=»custom_link» link=»http://viatgespoblenou.com/es/pressupost/»][/vc_column][vc_column width=»1/2&#8243;][rev_slider_vc alias=»algustcast»][/vc_column][/vc_row][vc_row][vc_column][vc_empty_space height=»70px»][/vc_column][/vc_row]</p>
<p></p>
</section>

<p>[vc_row][vc_column width=»1/2&#8243;][vc_column_text]1er día: Aeropuerto Barcelona &#8211; Tenerife 2º día: Excursión al Teide 3er día: Navegación en barco para observación de Cetáceos «Playa de los Gigantes» 4º día: Entrada a Siam Park 5º día: Excursión a Garachico &#8211; Aeropuerto Tenerife &#8211; Aeropuerto Barcelona El precio incluye: Vuelo Barcelona &#8211; Tenerife &#8211; Barcelona Traslado Aeropuerto &#8211; Hotel&hellip;</p>

<!-- This site is optimized with the Yoast SEO plugin v19.7.1 - https://yoast.com/wordpress/plugins/seo/ -->
<title>Tenerife - viatgespoblenou</title>
<meta name="robots" content="index, follow, max-snippet:-1, max-image-preview:large, max-video-preview:-1" />
<link rel="canonical" href="http://viatgespoblenou.com/tenerife/" />
<meta property="og:locale" content="es_ES" />
<meta property="og:type" content="article" />
<meta property="og:title" content="Tenerife - viatgespoblenou" />
<meta property="og:description" content="[vc_row][vc_column width=»1/2&#8243;][vc_column_text]1er día: Aeropuerto Barcelona &#8211; Tenerife 2º día: Excursión al Teide 3er día: Navegación en barco para observación de Cetáceos «Playa de los Gigantes» 4º día: Entrada a Siam Park 5º día: Excursión a Garachico &#8211; Aeropuerto Tenerife &#8211; Aeropuerto Barcelona El precio incluye: Vuelo Barcelona &#8211; Tenerife &#8211; Barcelona Traslado Aeropuerto &#8211; Hotel&hellip;" />
<meta property="og:url" content="http://viatgespoblenou.com/tenerife/" />
<meta property="og:site_name" content="viatgespoblenou" />
<meta property="article:publisher" content="https://es-la.facebook.com/people/Viatges-Poblenou/100001670703933" />
<meta name="twitter:card" content="summary" />
<meta name="twitter:label1" content="Tiempo de lectura" />
	<meta name="twitter:data1" content="2 minutos" />
<script type="application/ld+json" class="yoast-schema-graph">{"@context":"https://schema.org","@graph":[{"@type":"WebPage","@id":"http://viatgespoblenou.com/tenerife/","url":"http://viatgespoblenou.com/tenerife/","name":"Tenerife - viatgespoblenou","isPartOf":{"@id":"http://viatgespoblenou.com/#website"},"datePublished":"2018-08-18T11:11:51+00:00","dateModified":"2018-08-18T11:11:51+00:00","breadcrumb":{"@id":"http://viatgespoblenou.com/tenerife/#breadcrumb"},"inLanguage":"es","potentialAction":[{"@type":"ReadAction","target":["http://viatgespoblenou.com/tenerife/"]}]},{"@type":"BreadcrumbList","@id":"http://viatgespoblenou.com/tenerife/#breadcrumb","itemListElement":[{"@type":"ListItem","position":1,"name":"Home","item":"http://viatgespoblenou.com/"},{"@type":"ListItem","position":2,"name":"Tenerife"}]},{"@type":"WebSite","@id":"http://viatgespoblenou.com/#website","url":"http://viatgespoblenou.com/","name":"viatgespoblenou","description":"","potentialAction":[{"@type":"SearchAction","target":{"@type":"EntryPoint","urlTemplate":"http://viatgespoblenou.com/?s={search_term_string}"},"query-input":"required name=search_term_string"}],"inLanguage":"es"}]}</script>
<!-- / Yoast SEO plugin. -->

[vc_row][vc_column width=»1/2&#8243;][vc_column_text]1er día: Aeropuerto Barcelona &#8211; Tenerife 2º día: Excursión al Teide 3er día: Navegación en barco para observación de Cetáceos «Playa de los Gigantes» 4º día: Entrada a Siam Park 5º día: Excursión a Garachico &#8211; Aeropuerto Tenerife &#8211; Aeropuerto Barcelona El precio incluye: Vuelo Barcelona &#8211; Tenerife &#8211; Barcelona Traslado Aeropuerto &#8211; Hotel&hellip;
