{"id":37479,"date":"2016-09-02T15:57:16","date_gmt":"2016-09-02T15:57:16","guid":{"rendered":"http:\/\/viatgespoblenou.com\/?page_id=37479"},"modified":"2017-08-25T13:28:50","modified_gmt":"2017-08-25T13:28:50","slug":"viatge-de-fi-de-curs-llevant-actiu","status":"publish","type":"page","link":"http:\/\/viatgespoblenou.com\/es\/viatge-de-fi-de-curs-llevant-actiu\/","title":{"rendered":"Llevant actiu"},"content":{"rendered":"<section class=\"wpb-content-wrapper\"><p>[vc_row][vc_column width=\u00bb1\/2&#8243;][vc_column_text]<\/p>\n<div class=\"page\" title=\"Page 17\">\n<div class=\"section\">\n<div class=\"layoutArea\">\n<div class=\"column\">\n<div class=\"page\" title=\"Page 13\">\n<div class=\"section\">\n<div class=\"layoutArea\">\n<div class=\"column\">\n<p>1er d\u00eda: Escuela &#8211; Pe\u00f1\u00edscola &#8211; Valencia<br \/>\n2\u00ba d\u00eda: Ciudad de las Artes y las Ciencias &#8211; Valencia<br \/>\n3er d\u00eda: D\u00eda de actividades: Rafting + Trekking<br \/>\n4\u00ba d\u00eda: Albufera (Paseo en barca) &#8211; playa \/ Valencia<br \/>\n5\u00ba d\u00eda: Port Aventura &#8211; Escuela<\/p>\n<p><strong>El precio incluye:<\/strong><\/p>\n<p>\u2022 Autocar a disposici\u00f3n (respetando la normativa)<br \/>\n\u2022 4 noches en hotel en Valencia en r\u00e9gimen de Media Pensi\u00f3n<br \/>\n\u2022 Gu\u00eda acompa\u00f1ante de la agencia<br \/>\n\u2022 Entrada al Centro de las Artes y las Ciencias<br \/>\n\u2022 Actividad de Rafting y Trekking + comida (material + monitores)<br \/>\n\u2022 Paseo en barca por la Albufera<br \/>\n\u2022 Entrada en Port Aventura<br \/>\n\u2022 Talonarios de autofinanciaci\u00f3n<br \/>\n\u2022 Seguro de asistencia en viaje<br \/>\n\u2022 P\u00f3liza de responsabilidad civil<br \/>\n\u2022 Gratuidades para profesores<\/p>\n<p><strong>A viajes poblenou organizamos tu viaje de fin de curso ideal. No lo pienses m\u00e1s y p\u00eddenos presupuesto!<\/strong><\/p>\n<\/div>\n<\/div>\n<\/div>\n<\/div>\n<\/div>\n<\/div>\n<\/div>\n<\/div>\n<div class=\"page\" title=\"Page 14\"><\/div>\n<p>[\/vc_column_text][vc_empty_space height=\u00bb30px\u00bb][vc_single_image image=\u00bb36839&#8243; img_size=\u00bbfull\u00bb onclick=\u00bbcustom_link\u00bb link=\u00bbhttp:\/\/viatgespoblenou.com\/pressupost\/\u00bb][\/vc_column][vc_column width=\u00bb1\/2&#8243;][rev_slider_vc alias=\u00bbalgust\u00bb][\/vc_column][\/vc_row][vc_row][vc_column][vc_empty_space height=\u00bb70px\u00bb][\/vc_column][\/vc_row]<\/p>\n<\/section>","protected":false},"excerpt":{"rendered":"<p>[vc_row][vc_column width=\u00bb1\/2&#8243;][vc_column_text] 1er d\u00eda: Escuela &#8211; Pe\u00f1\u00edscola &#8211; Valencia 2\u00ba d\u00eda: Ciudad de las Artes y las Ciencias &#8211; Valencia 3er d\u00eda: D\u00eda de actividades: Rafting + Trekking 4\u00ba d\u00eda: Albufera (Paseo en barca) &#8211; playa \/ Valencia 5\u00ba d\u00eda: Port Aventura &#8211; Escuela El precio incluye: \u2022 Autocar a disposici\u00f3n (respetando la normativa) \u2022&hellip;<\/p>\n","protected":false},"author":1,"featured_media":0,"parent":0,"menu_order":0,"comment_status":"closed","ping_status":"closed","template":"","meta":[],"yoast_head":"<!-- This site is optimized with the Yoast SEO plugin v19.7.1 - https:\/\/yoast.com\/wordpress\/plugins\/seo\/ -->\n<title>Llevant actiu - viatgespoblenou<\/title>\n<meta name=\"robots\" content=\"index, follow, max-snippet:-1, max-image-preview:large, max-video-preview:-1\" \/>\n<link rel=\"canonical\" href=\"http:\/\/viatgespoblenou.com\/viatge-de-fi-de-curs-llevant-actiu\/\" \/>\n<meta property=\"og:locale\" content=\"es_ES\" \/>\n<meta property=\"og:type\" content=\"article\" \/>\n<meta property=\"og:title\" content=\"Llevant actiu - viatgespoblenou\" \/>\n<meta property=\"og:description\" content=\"[vc_row][vc_column width=\u00bb1\/2&#8243;][vc_column_text] 1er d\u00eda: Escuela &#8211; Pe\u00f1\u00edscola &#8211; Valencia 2\u00ba d\u00eda: Ciudad de las Artes y las Ciencias &#8211; Valencia 3er d\u00eda: D\u00eda de actividades: Rafting + Trekking 4\u00ba d\u00eda: Albufera (Paseo en barca) &#8211; playa \/ Valencia 5\u00ba d\u00eda: Port Aventura &#8211; Escuela El precio incluye: \u2022 Autocar a disposici\u00f3n (respetando la normativa) \u2022&hellip;\" \/>\n<meta property=\"og:url\" content=\"http:\/\/viatgespoblenou.com\/viatge-de-fi-de-curs-llevant-actiu\/\" \/>\n<meta property=\"og:site_name\" content=\"viatgespoblenou\" \/>\n<meta property=\"article:publisher\" content=\"https:\/\/es-la.facebook.com\/people\/Viatges-Poblenou\/100001670703933\" \/>\n<meta property=\"article:modified_time\" content=\"2017-08-25T13:28:50+00:00\" \/>\n<meta name=\"twitter:card\" content=\"summary\" \/>\n<meta name=\"twitter:label1\" content=\"Tiempo de lectura\" \/>\n\t<meta name=\"twitter:data1\" content=\"2 minutos\" \/>\n<script type=\"application\/ld+json\" class=\"yoast-schema-graph\">{\"@context\":\"https:\/\/schema.org\",\"@graph\":[{\"@type\":\"WebPage\",\"@id\":\"http:\/\/viatgespoblenou.com\/viatge-de-fi-de-curs-llevant-actiu\/\",\"url\":\"http:\/\/viatgespoblenou.com\/viatge-de-fi-de-curs-llevant-actiu\/\",\"name\":\"Llevant actiu - viatgespoblenou\",\"isPartOf\":{\"@id\":\"http:\/\/viatgespoblenou.com\/#website\"},\"datePublished\":\"2016-09-02T15:57:16+00:00\",\"dateModified\":\"2017-08-25T13:28:50+00:00\",\"breadcrumb\":{\"@id\":\"http:\/\/viatgespoblenou.com\/viatge-de-fi-de-curs-llevant-actiu\/#breadcrumb\"},\"inLanguage\":\"es\",\"potentialAction\":[{\"@type\":\"ReadAction\",\"target\":[\"http:\/\/viatgespoblenou.com\/viatge-de-fi-de-curs-llevant-actiu\/\"]}]},{\"@type\":\"BreadcrumbList\",\"@id\":\"http:\/\/viatgespoblenou.com\/viatge-de-fi-de-curs-llevant-actiu\/#breadcrumb\",\"itemListElement\":[{\"@type\":\"ListItem\",\"position\":1,\"name\":\"Home\",\"item\":\"http:\/\/viatgespoblenou.com\/\"},{\"@type\":\"ListItem\",\"position\":2,\"name\":\"Viatge de fi de curs &#8211; Llevant actiu\"}]},{\"@type\":\"WebSite\",\"@id\":\"http:\/\/viatgespoblenou.com\/#website\",\"url\":\"http:\/\/viatgespoblenou.com\/\",\"name\":\"viatgespoblenou\",\"description\":\"\",\"potentialAction\":[{\"@type\":\"SearchAction\",\"target\":{\"@type\":\"EntryPoint\",\"urlTemplate\":\"http:\/\/viatgespoblenou.com\/?s={search_term_string}\"},\"query-input\":\"required name=search_term_string\"}],\"inLanguage\":\"es\"}]}<\/script>\n<!-- \/ Yoast SEO plugin. -->","yoast_head_json":{"title":"Llevant actiu - viatgespoblenou","robots":{"index":"index","follow":"follow","max-snippet":"max-snippet:-1","max-image-preview":"max-image-preview:large","max-video-preview":"max-video-preview:-1"},"canonical":"http:\/\/viatgespoblenou.com\/viatge-de-fi-de-curs-llevant-actiu\/","og_locale":"es_ES","og_type":"article","og_title":"Llevant actiu - viatgespoblenou","og_description":"[vc_row][vc_column width=\u00bb1\/2&#8243;][vc_column_text] 1er d\u00eda: Escuela &#8211; Pe\u00f1\u00edscola &#8211; Valencia 2\u00ba d\u00eda: Ciudad de las Artes y las Ciencias &#8211; Valencia 3er d\u00eda: D\u00eda de actividades: Rafting + Trekking 4\u00ba d\u00eda: Albufera (Paseo en barca) &#8211; playa \/ Valencia 5\u00ba d\u00eda: Port Aventura &#8211; Escuela El precio incluye: \u2022 Autocar a disposici\u00f3n (respetando la normativa) \u2022&hellip;","og_url":"http:\/\/viatgespoblenou.com\/viatge-de-fi-de-curs-llevant-actiu\/","og_site_name":"viatgespoblenou","article_publisher":"https:\/\/es-la.facebook.com\/people\/Viatges-Poblenou\/100001670703933","article_modified_time":"2017-08-25T13:28:50+00:00","twitter_card":"summary","twitter_misc":{"Tiempo de lectura":"2 minutos"},"schema":{"@context":"https:\/\/schema.org","@graph":[{"@type":"WebPage","@id":"http:\/\/viatgespoblenou.com\/viatge-de-fi-de-curs-llevant-actiu\/","url":"http:\/\/viatgespoblenou.com\/viatge-de-fi-de-curs-llevant-actiu\/","name":"Llevant actiu - viatgespoblenou","isPartOf":{"@id":"http:\/\/viatgespoblenou.com\/#website"},"datePublished":"2016-09-02T15:57:16+00:00","dateModified":"2017-08-25T13:28:50+00:00","breadcrumb":{"@id":"http:\/\/viatgespoblenou.com\/viatge-de-fi-de-curs-llevant-actiu\/#breadcrumb"},"inLanguage":"es","potentialAction":[{"@type":"ReadAction","target":["http:\/\/viatgespoblenou.com\/viatge-de-fi-de-curs-llevant-actiu\/"]}]},{"@type":"BreadcrumbList","@id":"http:\/\/viatgespoblenou.com\/viatge-de-fi-de-curs-llevant-actiu\/#breadcrumb","itemListElement":[{"@type":"ListItem","position":1,"name":"Home","item":"http:\/\/viatgespoblenou.com\/"},{"@type":"ListItem","position":2,"name":"Viatge de fi de curs &#8211; Llevant actiu"}]},{"@type":"WebSite","@id":"http:\/\/viatgespoblenou.com\/#website","url":"http:\/\/viatgespoblenou.com\/","name":"viatgespoblenou","description":"","potentialAction":[{"@type":"SearchAction","target":{"@type":"EntryPoint","urlTemplate":"http:\/\/viatgespoblenou.com\/?s={search_term_string}"},"query-input":"required name=search_term_string"}],"inLanguage":"es"}]}},"_links":{"self":[{"href":"http:\/\/viatgespoblenou.com\/es\/wp-json\/wp\/v2\/pages\/37479"}],"collection":[{"href":"http:\/\/viatgespoblenou.com\/es\/wp-json\/wp\/v2\/pages"}],"about":[{"href":"http:\/\/viatgespoblenou.com\/es\/wp-json\/wp\/v2\/types\/page"}],"author":[{"embeddable":true,"href":"http:\/\/viatgespoblenou.com\/es\/wp-json\/wp\/v2\/users\/1"}],"replies":[{"embeddable":true,"href":"http:\/\/viatgespoblenou.com\/es\/wp-json\/wp\/v2\/comments?post=37479"}],"version-history":[{"count":4,"href":"http:\/\/viatgespoblenou.com\/es\/wp-json\/wp\/v2\/pages\/37479\/revisions"}],"predecessor-version":[{"id":37875,"href":"http:\/\/viatgespoblenou.com\/es\/wp-json\/wp\/v2\/pages\/37479\/revisions\/37875"}],"wp:attachment":[{"href":"http:\/\/viatgespoblenou.com\/es\/wp-json\/wp\/v2\/media?parent=37479"}],"curies":[{"name":"wp","href":"https:\/\/api.w.org\/{rel}","templated":true}]}}

<section class="wpb-content-wrapper"><p>[vc_row][vc_column width=»1/2&#8243;][vc_column_text]</p>
<div class="page" title="Page 17">
<div class="section">
<div class="layoutArea">
<div class="column">
<div class="page" title="Page 13">
<div class="section">
<div class="layoutArea">
<div class="column">
<p>1er día: Escuela &#8211; Peñíscola &#8211; Valencia<br />
2º día: Ciudad de las Artes y las Ciencias &#8211; Valencia<br />
3er día: Día de actividades: Rafting + Trekking<br />
4º día: Albufera (Paseo en barca) &#8211; playa / Valencia<br />
5º día: Port Aventura &#8211; Escuela</p>
<p><strong>El precio incluye:</strong></p>
<p>• Autocar a disposición (respetando la normativa)<br />
• 4 noches en hotel en Valencia en régimen de Media Pensión<br />
• Guía acompañante de la agencia<br />
• Entrada al Centro de las Artes y las Ciencias<br />
• Actividad de Rafting y Trekking + comida (material + monitores)<br />
• Paseo en barca por la Albufera<br />
• Entrada en Port Aventura<br />
• Talonarios de autofinanciación<br />
• Seguro de asistencia en viaje<br />
• Póliza de responsabilidad civil<br />
• Gratuidades para profesores</p>
<p><strong>A viajes poblenou organizamos tu viaje de fin de curso ideal. No lo pienses más y pídenos presupuesto!</strong></p>
</div>
</div>
</div>
</div>
</div>
</div>
</div>
</div>
<div class="page" title="Page 14"></div>
<p>[/vc_column_text][vc_empty_space height=»30px»][vc_single_image image=»36839&#8243; img_size=»full» onclick=»custom_link» link=»http://viatgespoblenou.com/pressupost/»][/vc_column][vc_column width=»1/2&#8243;][rev_slider_vc alias=»algust»][/vc_column][/vc_row][vc_row][vc_column][vc_empty_space height=»70px»][/vc_column][/vc_row]</p>
</section>

<p>[vc_row][vc_column width=»1/2&#8243;][vc_column_text] 1er día: Escuela &#8211; Peñíscola &#8211; Valencia 2º día: Ciudad de las Artes y las Ciencias &#8211; Valencia 3er día: Día de actividades: Rafting + Trekking 4º día: Albufera (Paseo en barca) &#8211; playa / Valencia 5º día: Port Aventura &#8211; Escuela El precio incluye: • Autocar a disposición (respetando la normativa) •&hellip;</p>

<!-- This site is optimized with the Yoast SEO plugin v19.7.1 - https://yoast.com/wordpress/plugins/seo/ -->
<title>Llevant actiu - viatgespoblenou</title>
<meta name="robots" content="index, follow, max-snippet:-1, max-image-preview:large, max-video-preview:-1" />
<link rel="canonical" href="http://viatgespoblenou.com/viatge-de-fi-de-curs-llevant-actiu/" />
<meta property="og:locale" content="es_ES" />
<meta property="og:type" content="article" />
<meta property="og:title" content="Llevant actiu - viatgespoblenou" />
<meta property="og:description" content="[vc_row][vc_column width=»1/2&#8243;][vc_column_text] 1er día: Escuela &#8211; Peñíscola &#8211; Valencia 2º día: Ciudad de las Artes y las Ciencias &#8211; Valencia 3er día: Día de actividades: Rafting + Trekking 4º día: Albufera (Paseo en barca) &#8211; playa / Valencia 5º día: Port Aventura &#8211; Escuela El precio incluye: • Autocar a disposición (respetando la normativa) •&hellip;" />
<meta property="og:url" content="http://viatgespoblenou.com/viatge-de-fi-de-curs-llevant-actiu/" />
<meta property="og:site_name" content="viatgespoblenou" />
<meta property="article:publisher" content="https://es-la.facebook.com/people/Viatges-Poblenou/100001670703933" />
<meta property="article:modified_time" content="2017-08-25T13:28:50+00:00" />
<meta name="twitter:card" content="summary" />
<meta name="twitter:label1" content="Tiempo de lectura" />
	<meta name="twitter:data1" content="2 minutos" />
<script type="application/ld+json" class="yoast-schema-graph">{"@context":"https://schema.org","@graph":[{"@type":"WebPage","@id":"http://viatgespoblenou.com/viatge-de-fi-de-curs-llevant-actiu/","url":"http://viatgespoblenou.com/viatge-de-fi-de-curs-llevant-actiu/","name":"Llevant actiu - viatgespoblenou","isPartOf":{"@id":"http://viatgespoblenou.com/#website"},"datePublished":"2016-09-02T15:57:16+00:00","dateModified":"2017-08-25T13:28:50+00:00","breadcrumb":{"@id":"http://viatgespoblenou.com/viatge-de-fi-de-curs-llevant-actiu/#breadcrumb"},"inLanguage":"es","potentialAction":[{"@type":"ReadAction","target":["http://viatgespoblenou.com/viatge-de-fi-de-curs-llevant-actiu/"]}]},{"@type":"BreadcrumbList","@id":"http://viatgespoblenou.com/viatge-de-fi-de-curs-llevant-actiu/#breadcrumb","itemListElement":[{"@type":"ListItem","position":1,"name":"Home","item":"http://viatgespoblenou.com/"},{"@type":"ListItem","position":2,"name":"Viatge de fi de curs &#8211; Llevant actiu"}]},{"@type":"WebSite","@id":"http://viatgespoblenou.com/#website","url":"http://viatgespoblenou.com/","name":"viatgespoblenou","description":"","potentialAction":[{"@type":"SearchAction","target":{"@type":"EntryPoint","urlTemplate":"http://viatgespoblenou.com/?s={search_term_string}"},"query-input":"required name=search_term_string"}],"inLanguage":"es"}]}</script>
<!-- / Yoast SEO plugin. -->

[vc_row][vc_column width=»1/2&#8243;][vc_column_text] 1er día: Escuela &#8211; Peñíscola &#8211; Valencia 2º día: Ciudad de las Artes y las Ciencias &#8211; Valencia 3er día: Día de actividades: Rafting + Trekking 4º día: Albufera (Paseo en barca) &#8211; playa / Valencia 5º día: Port Aventura &#8211; Escuela El precio incluye: • Autocar a disposición (respetando la normativa) •&hellip;
