{"id":36899,"date":"2015-09-18T09:34:02","date_gmt":"2015-09-18T09:34:02","guid":{"rendered":"http:\/\/viatgespoblenou.com\/?page_id=36899"},"modified":"2015-10-07T09:05:16","modified_gmt":"2015-10-07T09:05:16","slug":"viatge-sense-professors","status":"publish","type":"page","link":"http:\/\/viatgespoblenou.com\/es\/viatge-sense-professors\/","title":{"rendered":"Viaje sin profesores"},"content":{"rendered":"<section class=\"wpb-content-wrapper\"><p>[vc_row][vc_column width=\u00bb1\/1&#8243;][vc_column_text]Los profesores s\u00f3lo ten\u00e9is que encargaros de pasar nuestro contacto a los padres. Ponemos un monitor por cada 10\/12 alumnos, que los acompa\u00f1ar\u00e1n desde la salida de la escuela hasta la vuelta. Presentaci\u00f3n de los monitores una semana antes a todos los alumnos. Nos reunimos con los padres las veces que sean necesarias. Contrato de viaje personalizado por alumno. Nos encargamos del cobro del viaje directamente a los alumnos.<\/p>\n<p>\u00a1Lo organizamos todo! \u00a1\u00a1No debe preocuparse por nada!![\/vc_column_text][vc_empty_space height=\u00bb30px\u00bb][vc_single_image image=\u00bb37137&#8243; border_color=\u00bbgrey\u00bb img_link_large=\u00bb\u00bb img_link_target=\u00bb_self\u00bb img_size=\u00bbfull\u00bb link=\u00bbhttp:\/\/viatgespoblenou.com\/es\/pressupost\/\u00bb][\/vc_column][\/vc_row][vc_row][vc_column width=\u00bb1\/1&#8243;][vc_empty_space height=\u00bb70px\u00bb][\/vc_column][\/vc_row]<\/p>\n<\/section>","protected":false},"excerpt":{"rendered":"<p>[vc_row][vc_column width=\u00bb1\/1&#8243;][vc_column_text]Los profesores s\u00f3lo ten\u00e9is que encargaros de pasar nuestro contacto a los padres. Ponemos un monitor por cada 10\/12 alumnos, que los acompa\u00f1ar\u00e1n desde la salida de la escuela hasta la vuelta. Presentaci\u00f3n de los monitores una semana antes a todos los alumnos. Nos reunimos con los padres las veces que sean necesarias. Contrato&hellip;<\/p>\n","protected":false},"author":1,"featured_media":0,"parent":0,"menu_order":0,"comment_status":"open","ping_status":"open","template":"","meta":[],"yoast_head":"<!-- This site is optimized with the Yoast SEO plugin v19.7.1 - https:\/\/yoast.com\/wordpress\/plugins\/seo\/ -->\n<title>Viaje sin profesores - viatgespoblenou<\/title>\n<meta name=\"robots\" content=\"index, follow, max-snippet:-1, max-image-preview:large, max-video-preview:-1\" \/>\n<link rel=\"canonical\" href=\"http:\/\/viatgespoblenou.com\/viatge-sense-professors\/\" \/>\n<meta property=\"og:locale\" content=\"es_ES\" \/>\n<meta property=\"og:type\" content=\"article\" \/>\n<meta property=\"og:title\" content=\"Viaje sin profesores - viatgespoblenou\" \/>\n<meta property=\"og:description\" content=\"[vc_row][vc_column width=\u00bb1\/1&#8243;][vc_column_text]Los profesores s\u00f3lo ten\u00e9is que encargaros de pasar nuestro contacto a los padres. Ponemos un monitor por cada 10\/12 alumnos, que los acompa\u00f1ar\u00e1n desde la salida de la escuela hasta la vuelta. Presentaci\u00f3n de los monitores una semana antes a todos los alumnos. Nos reunimos con los padres las veces que sean necesarias. Contrato&hellip;\" \/>\n<meta property=\"og:url\" content=\"http:\/\/viatgespoblenou.com\/viatge-sense-professors\/\" \/>\n<meta property=\"og:site_name\" content=\"viatgespoblenou\" \/>\n<meta property=\"article:publisher\" content=\"https:\/\/es-la.facebook.com\/people\/Viatges-Poblenou\/100001670703933\" \/>\n<meta property=\"article:modified_time\" content=\"2015-10-07T09:05:16+00:00\" \/>\n<meta name=\"twitter:card\" content=\"summary\" \/>\n<meta name=\"twitter:label1\" content=\"Tiempo de lectura\" \/>\n\t<meta name=\"twitter:data1\" content=\"1 minuto\" \/>\n<script type=\"application\/ld+json\" class=\"yoast-schema-graph\">{\"@context\":\"https:\/\/schema.org\",\"@graph\":[{\"@type\":\"WebPage\",\"@id\":\"http:\/\/viatgespoblenou.com\/viatge-sense-professors\/\",\"url\":\"http:\/\/viatgespoblenou.com\/viatge-sense-professors\/\",\"name\":\"Viaje sin profesores - viatgespoblenou\",\"isPartOf\":{\"@id\":\"http:\/\/viatgespoblenou.com\/#website\"},\"datePublished\":\"2015-09-18T09:34:02+00:00\",\"dateModified\":\"2015-10-07T09:05:16+00:00\",\"breadcrumb\":{\"@id\":\"http:\/\/viatgespoblenou.com\/viatge-sense-professors\/#breadcrumb\"},\"inLanguage\":\"es\",\"potentialAction\":[{\"@type\":\"ReadAction\",\"target\":[\"http:\/\/viatgespoblenou.com\/viatge-sense-professors\/\"]}]},{\"@type\":\"BreadcrumbList\",\"@id\":\"http:\/\/viatgespoblenou.com\/viatge-sense-professors\/#breadcrumb\",\"itemListElement\":[{\"@type\":\"ListItem\",\"position\":1,\"name\":\"Home\",\"item\":\"http:\/\/viatgespoblenou.com\/\"},{\"@type\":\"ListItem\",\"position\":2,\"name\":\"Viatge sense professors\"}]},{\"@type\":\"WebSite\",\"@id\":\"http:\/\/viatgespoblenou.com\/#website\",\"url\":\"http:\/\/viatgespoblenou.com\/\",\"name\":\"viatgespoblenou\",\"description\":\"\",\"potentialAction\":[{\"@type\":\"SearchAction\",\"target\":{\"@type\":\"EntryPoint\",\"urlTemplate\":\"http:\/\/viatgespoblenou.com\/?s={search_term_string}\"},\"query-input\":\"required name=search_term_string\"}],\"inLanguage\":\"es\"}]}<\/script>\n<!-- \/ Yoast SEO plugin. -->","yoast_head_json":{"title":"Viaje sin profesores - viatgespoblenou","robots":{"index":"index","follow":"follow","max-snippet":"max-snippet:-1","max-image-preview":"max-image-preview:large","max-video-preview":"max-video-preview:-1"},"canonical":"http:\/\/viatgespoblenou.com\/viatge-sense-professors\/","og_locale":"es_ES","og_type":"article","og_title":"Viaje sin profesores - viatgespoblenou","og_description":"[vc_row][vc_column width=\u00bb1\/1&#8243;][vc_column_text]Los profesores s\u00f3lo ten\u00e9is que encargaros de pasar nuestro contacto a los padres. Ponemos un monitor por cada 10\/12 alumnos, que los acompa\u00f1ar\u00e1n desde la salida de la escuela hasta la vuelta. Presentaci\u00f3n de los monitores una semana antes a todos los alumnos. Nos reunimos con los padres las veces que sean necesarias. Contrato&hellip;","og_url":"http:\/\/viatgespoblenou.com\/viatge-sense-professors\/","og_site_name":"viatgespoblenou","article_publisher":"https:\/\/es-la.facebook.com\/people\/Viatges-Poblenou\/100001670703933","article_modified_time":"2015-10-07T09:05:16+00:00","twitter_card":"summary","twitter_misc":{"Tiempo de lectura":"1 minuto"},"schema":{"@context":"https:\/\/schema.org","@graph":[{"@type":"WebPage","@id":"http:\/\/viatgespoblenou.com\/viatge-sense-professors\/","url":"http:\/\/viatgespoblenou.com\/viatge-sense-professors\/","name":"Viaje sin profesores - viatgespoblenou","isPartOf":{"@id":"http:\/\/viatgespoblenou.com\/#website"},"datePublished":"2015-09-18T09:34:02+00:00","dateModified":"2015-10-07T09:05:16+00:00","breadcrumb":{"@id":"http:\/\/viatgespoblenou.com\/viatge-sense-professors\/#breadcrumb"},"inLanguage":"es","potentialAction":[{"@type":"ReadAction","target":["http:\/\/viatgespoblenou.com\/viatge-sense-professors\/"]}]},{"@type":"BreadcrumbList","@id":"http:\/\/viatgespoblenou.com\/viatge-sense-professors\/#breadcrumb","itemListElement":[{"@type":"ListItem","position":1,"name":"Home","item":"http:\/\/viatgespoblenou.com\/"},{"@type":"ListItem","position":2,"name":"Viatge sense professors"}]},{"@type":"WebSite","@id":"http:\/\/viatgespoblenou.com\/#website","url":"http:\/\/viatgespoblenou.com\/","name":"viatgespoblenou","description":"","potentialAction":[{"@type":"SearchAction","target":{"@type":"EntryPoint","urlTemplate":"http:\/\/viatgespoblenou.com\/?s={search_term_string}"},"query-input":"required name=search_term_string"}],"inLanguage":"es"}]}},"_links":{"self":[{"href":"http:\/\/viatgespoblenou.com\/es\/wp-json\/wp\/v2\/pages\/36899"}],"collection":[{"href":"http:\/\/viatgespoblenou.com\/es\/wp-json\/wp\/v2\/pages"}],"about":[{"href":"http:\/\/viatgespoblenou.com\/es\/wp-json\/wp\/v2\/types\/page"}],"author":[{"embeddable":true,"href":"http:\/\/viatgespoblenou.com\/es\/wp-json\/wp\/v2\/users\/1"}],"replies":[{"embeddable":true,"href":"http:\/\/viatgespoblenou.com\/es\/wp-json\/wp\/v2\/comments?post=36899"}],"version-history":[{"count":8,"href":"http:\/\/viatgespoblenou.com\/es\/wp-json\/wp\/v2\/pages\/36899\/revisions"}],"predecessor-version":[{"id":37170,"href":"http:\/\/viatgespoblenou.com\/es\/wp-json\/wp\/v2\/pages\/36899\/revisions\/37170"}],"wp:attachment":[{"href":"http:\/\/viatgespoblenou.com\/es\/wp-json\/wp\/v2\/media?parent=36899"}],"curies":[{"name":"wp","href":"https:\/\/api.w.org\/{rel}","templated":true}]}}

<section class="wpb-content-wrapper"><p>[vc_row][vc_column width=»1/1&#8243;][vc_column_text]Los profesores sólo tenéis que encargaros de pasar nuestro contacto a los padres. Ponemos un monitor por cada 10/12 alumnos, que los acompañarán desde la salida de la escuela hasta la vuelta. Presentación de los monitores una semana antes a todos los alumnos. Nos reunimos con los padres las veces que sean necesarias. Contrato de viaje personalizado por alumno. Nos encargamos del cobro del viaje directamente a los alumnos.</p>
<p>¡Lo organizamos todo! ¡¡No debe preocuparse por nada!![/vc_column_text][vc_empty_space height=»30px»][vc_single_image image=»37137&#8243; border_color=»grey» img_link_large=»» img_link_target=»_self» img_size=»full» link=»http://viatgespoblenou.com/es/pressupost/»][/vc_column][/vc_row][vc_row][vc_column width=»1/1&#8243;][vc_empty_space height=»70px»][/vc_column][/vc_row]</p>
</section>

<p>[vc_row][vc_column width=»1/1&#8243;][vc_column_text]Los profesores sólo tenéis que encargaros de pasar nuestro contacto a los padres. Ponemos un monitor por cada 10/12 alumnos, que los acompañarán desde la salida de la escuela hasta la vuelta. Presentación de los monitores una semana antes a todos los alumnos. Nos reunimos con los padres las veces que sean necesarias. Contrato&hellip;</p>

<!-- This site is optimized with the Yoast SEO plugin v19.7.1 - https://yoast.com/wordpress/plugins/seo/ -->
<title>Viaje sin profesores - viatgespoblenou</title>
<meta name="robots" content="index, follow, max-snippet:-1, max-image-preview:large, max-video-preview:-1" />
<link rel="canonical" href="http://viatgespoblenou.com/viatge-sense-professors/" />
<meta property="og:locale" content="es_ES" />
<meta property="og:type" content="article" />
<meta property="og:title" content="Viaje sin profesores - viatgespoblenou" />
<meta property="og:description" content="[vc_row][vc_column width=»1/1&#8243;][vc_column_text]Los profesores sólo tenéis que encargaros de pasar nuestro contacto a los padres. Ponemos un monitor por cada 10/12 alumnos, que los acompañarán desde la salida de la escuela hasta la vuelta. Presentación de los monitores una semana antes a todos los alumnos. Nos reunimos con los padres las veces que sean necesarias. Contrato&hellip;" />
<meta property="og:url" content="http://viatgespoblenou.com/viatge-sense-professors/" />
<meta property="og:site_name" content="viatgespoblenou" />
<meta property="article:publisher" content="https://es-la.facebook.com/people/Viatges-Poblenou/100001670703933" />
<meta property="article:modified_time" content="2015-10-07T09:05:16+00:00" />
<meta name="twitter:card" content="summary" />
<meta name="twitter:label1" content="Tiempo de lectura" />
	<meta name="twitter:data1" content="1 minuto" />
<script type="application/ld+json" class="yoast-schema-graph">{"@context":"https://schema.org","@graph":[{"@type":"WebPage","@id":"http://viatgespoblenou.com/viatge-sense-professors/","url":"http://viatgespoblenou.com/viatge-sense-professors/","name":"Viaje sin profesores - viatgespoblenou","isPartOf":{"@id":"http://viatgespoblenou.com/#website"},"datePublished":"2015-09-18T09:34:02+00:00","dateModified":"2015-10-07T09:05:16+00:00","breadcrumb":{"@id":"http://viatgespoblenou.com/viatge-sense-professors/#breadcrumb"},"inLanguage":"es","potentialAction":[{"@type":"ReadAction","target":["http://viatgespoblenou.com/viatge-sense-professors/"]}]},{"@type":"BreadcrumbList","@id":"http://viatgespoblenou.com/viatge-sense-professors/#breadcrumb","itemListElement":[{"@type":"ListItem","position":1,"name":"Home","item":"http://viatgespoblenou.com/"},{"@type":"ListItem","position":2,"name":"Viatge sense professors"}]},{"@type":"WebSite","@id":"http://viatgespoblenou.com/#website","url":"http://viatgespoblenou.com/","name":"viatgespoblenou","description":"","potentialAction":[{"@type":"SearchAction","target":{"@type":"EntryPoint","urlTemplate":"http://viatgespoblenou.com/?s={search_term_string}"},"query-input":"required name=search_term_string"}],"inLanguage":"es"}]}</script>
<!-- / Yoast SEO plugin. -->

[vc_row][vc_column width=»1/1&#8243;][vc_column_text]Los profesores sólo tenéis que encargaros de pasar nuestro contacto a los padres. Ponemos un monitor por cada 10/12 alumnos, que los acompañarán desde la salida de la escuela hasta la vuelta. Presentación de los monitores una semana antes a todos los alumnos. Nos reunimos con los padres las veces que sean necesarias. Contrato&hellip;
